24 = -124. Suppose -x*m = -8302 - 5162. What is the thousands digit of m?
1
Let b(g) = -g**3 + 33*g**2 + 68*g - 152. What is the hundreds digit of b(33)?
0
Let d = 85 + 1401. Let z = d + -966. What is the hundreds digit of z?
5
Suppose 24*p - 25*p + 161 = 0. Let k = 227 - p. What is the units digit of k?
6
Suppose 0 = -11*k - 22 - 0. Let v(t) = t**2 + 4*t - 2. Let w be v(-5). What is the units digit of ((-3)/k)/(w/98)?
9
Let d = 681 - 388. Suppose d = p - 1323. What is the thousands digit of p?
1
What is the tens digit of 38/8 + -4 - (-843375)/156?
0
Suppose k + 15 = 35. What is the tens digit of (-5)/(k/678)*10/(-15)?
1
Let f = 47 + -52. Let d = f - -10. Suppose 0 = 3*v + d - 29. What is the units digit of v?
8
Let a(i) = 4*i + 5. Let g be a(7). Suppose -37 + g = -q. Let p = q - -48. What is the tens digit of p?
5
Let f(r) = -r**2 - 27*r + 32. Suppose 18 = -g - 5*i, -i - 3*i = 4. What is the units digit of f(g)?
4
Let n(b) = 3*b**3 + 7*b**2 + 3*b - 9. Let h be n(-5). Let q be 10 - h - 8/(-2). Suppose -2*z - q = -2*i, -603 = -2*i - 3*i + z. What is the hundreds digit of i?
1
Let p(h) = 1320*h**2 + 14*h + 23. Let d be p(-4). Suppose 114*u = 125*u - d. What is the units digit of u?
7
Let m be (-3)/((1/(-10))/((-3)/9)). What is the hundreds digit of (-5 - (-1495)/m)*4/(-6)?
1
Suppose 0 = 9*s - 8*s - x - 14365, -57456 = -4*s + 2*x. What is the hundreds digit of s?
3
Let n = 48329 - 27137. What is the units digit of n?
2
Suppose -39321 = -331*o + 322*o. What is the thousands digit of o?
4
Suppose -4*q = -r - 29769, 5*r + 22314 = -34*q + 37*q. What is the hundreds digit of q?
4
Let s be 1/(-2)*(-3 + 3)/(-3). Suppose s = 2*i - 6*i + 60. What is the units digit of -2 + i/9 + 49/3?
6
What is the ten thousands digit of (-3*(-6)/(-21))/(15/(-8171100)*12)?
3
Let g be 24 - (5 + -5) - 1*2. Let l = -19 - -44. Let k = l - g. What is the units digit of k?
3
Suppose -4*m - i = -3*i - 26112, 2*i - 19584 = -3*m. What is the thousands digit of m?
6
Let p be (-1)/(4/(-2872)*-2). Let n = p - -1007. What is the hundreds digit of n?
6
Suppose 0 = 5*u - 10, -u = -4*p + u - 24. Let s(r) = -77*r - 436. Let n be s(-6). Let j = p + n. What is the tens digit of j?
2
Let f(z) = -3*z - 20*z - 15*z - 8 - 3 - 2*z**2 - 36*z. What is the hundreds digit of f(-32)?
3
Let l = 8236 - -20873. What is the units digit of l?
9
Let l(w) = -180*w + 10. Let b be l(-3). Let d = -308 + b. What is the units digit of (-40)/70 - d/(-7)?
4
Let r = -271 - -795. What is the hundreds digit of (255/170)/(1/r)?
7
Suppose -1 = f + 3*q + 10, 5*f - 2*q + 4 = 0. Let h be 15/35*3 - f/(-7). What is the tens digit of ((-195)/30)/(h/(-10))?
6
What is the hundreds digit of (-103923)/(-8) + (504/64)/(-21)?
9
Suppose -2*u - 842 = -5194. Suppose -18*y + u = -y. What is the units digit of y?
8
Let x = 4 - 45. Suppose -6*d + 0*d - 1496 = -17*d. Let i = d + x. What is the units digit of i?
5
Let q be (1911/(-6))/((-5)/(-2 + 12)). Suppose -944 = -5*w - 3*s, -4*w = 2*s - 119 - q. What is the hundreds digit of w?
1
Let r = -5413 + 26174. What is the tens digit of r?
6
Suppose -37*p + 1495163 - 29608 = 28*p. What is the units digit of p?
7
Suppose 25 = 11*u - 30. Suppose -4*o = -2*i + 126, -4*o + 5*o = -u*i + 315. What is the units digit of i?
3
Let b(k) = -k**3 + 11*k**2 - 16*k - 7. Let p = -63 + 73. Let f be b(p). Let c = 147 + f. What is the units digit of c?
0
Let m(b) = b**3 + 5*b**2 + 3*b - 4. Let y be m(-3). Let d = 55 + y. Suppose 6*q - 48 = -l + 3*q, 3*q + d = 2*l. What is the tens digit of l?
3
What is the thousands digit of (250/(-8))/(30/(-10800))?
1
Let q be (-4)/18 - 220880/72. Let c be 3/(-2)*q/39. Let r = c + -8. What is the tens digit of r?
1
Let j(r) = 40498*r**3 + 29*r**2 - 30*r + 1. What is the units digit of j(1)?
8
Let m be 3/7 + (-405)/(-35). Let v(w) = -w**2 + 9*w + 13. Let b be v(m). Let h = b + 72. What is the units digit of h?
9
Let i(v) = 7*v + 100. Let q be i(-14). Suppose 0 = -4*a - 4, -4*g - q*a + 265 = -2561. What is the tens digit of g?
0
Let b be ((-8973)/(-7))/3*1 + 2/(-7). Let y = 2 - 2. Suppose 8*q - 1213 - b = y. What is the tens digit of q?
0
Let b = -55 + 76. Suppose -561 = -b*f + 3660. What is the units digit of f?
1
Suppose -47*h = 2*h - 490. Suppose -h*g = -24*g + 3346. What is the tens digit of g?
3
What is the units digit of 10 - ((-39897)/11 - -8)?
9
Suppose 42*w + 17430 = 21*w. Let x = -333 - w. What is the tens digit of x?
9
Suppose -98754 = -6*p + 67403 + 64231. What is the units digit of p?
8
Suppose 5*o = -2*l + 54201, 24331 = l - o - 2787. Suppose -198*q + l = -179*q. What is the thousands digit of q?
1
Suppose -i + 40 - 38 = 0. Let j(t) = -13*t + 0*t - 9*t**i + 6*t**2 + 2*t**2 + 4. What is the units digit of j(-13)?
4
Let q(l) = 41*l - 21*l - 114 + 9*l + 27*l + 26*l. What is the units digit of q(19)?
4
Suppose 140*h - 135*h - 165700 = -5*o, -4*h = o - 33131. What is the thousands digit of o?
3
What is the tens digit of 4*(9/18)/((-10)/(-73265))?
5
Let m(q) = q**2 + 2*q - 85. Let u be m(-21). What is the units digit of ((-1)/1 - 5) + u?
8
Suppose -3*u + 3 = -0*x - 3*x, -3*u + 4*x + 5 = 0. Let y = u + -7. What is the tens digit of 32/(-24)*219/y*2?
7
Let h(g) = -5*g**3 - 2*g**2 + 2*g - 1. Let k be h(-3). What is the units digit of (88/k)/(-4*2/(-4020))?
2
Suppose 33*w + 464100 = 19*w + 92*w. What is the thousands digit of w?
5
Suppose 24*f - 7290 - 105846 = 0. What is the tens digit of f?
1
Let v(h) = h - 8. Let t be v(11). Suppose -4 = b + 4*k + 1, -t*b + 3*k + 15 = 0. Suppose -7 - 35 = -b*u. What is the tens digit of u?
1
Suppose -67*s = -77*s - 100. What is the tens digit of 275/s*(-432)/20?
9
Let p(c) = c**2 - 14*c - 26. Let h be p(-8). Let i = h - 62. What is the tens digit of i?
8
Let d(z) = z**3 + 6*z**2 - 4*z - 17. Let j be d(-6). Suppose -10*w = -j - 23. Suppose -w*o + 228 = -63. What is the units digit of o?
7
Let p be (-21)/((-294)/28) + 74. Suppose 0 = -4*n + 3*b - 2*b + 1064, n + b - 261 = 0. Suppose -r - p = -n. What is the units digit of r?
9
Let x be -2 + 1 - -1 - (43 + -43). Suppose 38*z - 3*z - 38465 = x. What is the tens digit of z?
9
Suppose -5*g - 2*j + 19 = 0, -4*j = -g - j - 3. Suppose 1 = -w + 2*l + 7, -g*w + 2*l - 2 = 0. What is the hundreds digit of 4962/27 - 9/(162/w)?
1
Let z(q) = 867*q**2 - 4*q + 1. Let k be z(-2). Suppose 0 = 2*j - 3*n - 1735, 48*j - 44*j + n = k. What is the hundreds digit of j?
8
What is the tens digit of 5/(260/257824) + (-16)/104?
5
Let c(x) = x**3 - 10*x**2 + 10*x - 12. Let t be c(9). Let b(v) = -101*v - 22. Let d be b(t). Let w = d - 201. What is the units digit of w?
0
Let q(o) = -31*o - 94. Let f be q(-3). What is the hundreds digit of f - (5 + 44)*-6?
2
Suppose -2*d + 4*v = -22, 3*v - 4*v - 13 = -2*d. Suppose -2*f = 3*f - 2*z - 30, d*f + 2*z = 50. Suppose -o - f + 78 = 0. What is the units digit of o?
0
Let o(k) = -54*k**2 + 19*k + 1. Let h be o(-5). Let g = -782 - h. What is the hundreds digit of g?
6
Let k(o) be the second derivative of 5*o**4/12 + 3*o**3/2 - o**2/2 - 2*o - 7. What is the units digit of k(7)?
7
Let z = -159 + 3600. What is the thousands digit of z?
3
Let v(m) = -17*m**3 - 2*m**2 + 3. Let f = 4 - -2. Let h = f - 8. What is the hundreds digit of v(h)?
1
Suppose -4 = q - 11. Suppose -3*c - 4*m - q = 0, -5*c - 2*m = 2*m + 1. Let r = 31 - c. What is the tens digit of r?
2
Suppose -2*z - 10 = 0, g + 256 = 4*g + 4*z. Let t be (g/(-10))/(21/(-15) + 1). Suppose 22*c - t*c + 1 = 0. What is the units digit of c?
1
What is the hundreds digit of 5 - 1 - (-517870)/80 - 3/8?
4
Let k(h) = 11*h + 48. Let i be k(16). Suppose 71 = 5*f - i. What is the tens digit of f?
5
Suppose 5*m + 20 - 5 = 0, 5*c - 3830 = -5*m. Suppose c = 7*f - 1842. What is the tens digit of f?
7
Let o be (-234)/(-45) + 12/15. Suppose -2*u - 34 = -6*j + 4*j, 2*u + o = 0. Suppose -15*q + j*q + 146 = 0. What is the units digit of q?
6
Suppose -5*b - 320 = -10*b. Let h = b - 2. What is the units digit of h?
2
Suppose -2*l + 5 - 1 = 0, -4*l = 2*u - 2048. Let x = -214 + u. What is the hundreds digit of x?
8
Suppose 352 = m + 12*a - 10*a, 2*m = -2*a + 710. Let u = m + 354. Suppose 2*w + 2 = 0, 4*v + 3*w - u = 7*w. What is the hundreds digit of v?
1
Suppose 3*w - 34 = 2*y, 5*w = -0*w + 3*y + 57. Suppose -14*s = -w*s + 22. Let f(v) = -12*v - 23. 